s the hundred thousands digit of 142675?
1
What is the hundred thousands digit of 233688?
2
What is the tens digit of 818601?
0
What is the units digit of 16043223?
3
What is the ten thousands digit of 167352?
6
What is the ten thousands digit of 393130?
9
What is the hundred thousands digit of 505314?
5
What is the hundreds digit of 143409?
4
What is the units digit of 98846?
6
What is the ten thousands digit of 62657?
6
What is the hundred thousands digit of 3279874?
2
What is the tens digit of 4591455?
5
What is the units digit of 1394771?
1
What is the units digit of 1009223?
3
What is the hundreds digit of 9996862?
8
What is the units digit of 2830735?
5
What is the tens digit of 713384?
8
What is the units digit of 230319?
9
What is the units digit of 417649?
9
What is the thousands digit of 138137?
8
What is the hundred thousands digit of 1134339?
1
What is the ten thousands digit of 8712942?
1
What is the tens digit of 2927679?
7
What is the hundreds digit of 22538031?
0
What is the ten thousands digit of 484019?
8
What is the thousands digit of 13387131?
7
What is the thousands digit of 31834016?
4
What is the hundred thousands digit of 3123460?
1
What is the units digit of 5851904?
4
What is the hundred thousands digit of 7517032?
5
What is the tens digit of 5382408?
0
What is the hundreds digit of 281231?
2
What is the hundreds digit of 5491178?
1
What is the tens digit of 286588?
8
What is the units digit of 809262?
2
What is the tens digit of 541094?
9
What is the thousands digit of 3355732?
5
What is the thousands digit of 3763789?
3
What is the hundred thousands digit of 217037?
2
What is the units digit of 647706?
6
What is the units digit of 75315?
5
What is the tens digit of 4677686?
8
What is the thousands digit of 336998?
6
What is the units digit of 11039396?
6
What is the tens digit of 3100151?
5
What is the units digit of 8026087?
7
What is the units digit of 9696628?
8
What is the hundreds digit of 4087011?
0
What is the hundred thousands digit of 7011060?
0
What is the units digit of 163253?
3
What is the millions digit of 5116854?
5
What is the thousands digit of 1495721?
5
What is the hundred thousands digit of 227515?
2
What is the hundreds digit of 398979?
9
What is the tens digit of 261118?
1
What is the thousands digit of 2209003?
9
What is the tens digit of 2709711?
1
What is the hundreds digit of 5155185?
1
What is the hundred thousands digit of 134283?
1
What is the hundreds digit of 60630?
6
What is the ten thousands digit of 2129095?
2
What is the thousands digit of 1617090?
7
What is the thousands digit of 670007?
0
What is the units digit of 717321?
1
What is the thousands digit of 202211?
2
What is the units digit of 1090284?
4
What is the ten thousands digit of 1770000?
7
What is the hundreds digit of 554832?
8
What is the tens digit of 1365102?
0
What is the tens digit of 10232142?
4
What is the tens digit of 9566299?
9
What is the ten thousands digit of 170992?
7
What is the tens digit of 10276249?
4
What is the thousands digit of 224699?
4
What is the thousands digit of 1599545?
9
What is the hundreds digit of 1053209?
2
What is the hundreds digit of 2787367?
3
What is the ten thousands digit of 988913?
8
What is the units digit of 864263?
3
What is the hundreds digit of 10614438?
4
What is the hundreds digit of 3012180?
1
What is the thousands digit of 145754?
5
What is the hundreds digit of 315264?
2
What is the hundred thousands digit of 4962496?
9
What is the thousands digit of 59958?
9
What is the tens digit of 3261875?
7
What is the thousands digit of 760390?
0
What is the hundred thousands digit of 215867?
2
What is the units digit of 2465168?
8
What is the millions digit of 7625430?
7
What is the hundred thousands digit of 513868?
5
What is the millions digit of 1420247?
1
What is the units digit of 8024049?
9
What is the thousands digit of 4355311?
5
What is the units digit of 2413969?
9
What is the hundreds digit of 2328829?
8
What is the units digit of 206691?
1
What is the tens digit of 64839?
3
What is the hundreds digit of 4551605?
6
What is the hundreds digit of 1364282?
2
What is the thousands digit of 413684?
3
What is the units digit of 14020072?
2
What is the hundred thousands digit of 12387938?
3
What is the thousands digit of 29031?
9
What is the hundreds digit of 6860708?
7
What is the tens digit of 15714683?
8
What is the hundred thousands digit of 425998?
4
What is the thousands digit of 168014?
8
What is the units digit of 420720?
0
What is the hundred thousands digit of 525196?
5
What is the hundreds digit of 4891872?
8
What is the millions digit of 1446526?
1
What is the units digit of 1224900?
0
What is the thousands digit of 2817969?
7
What is the hundreds digit of 721834?
8
What is the hundred thousands digit of 4753401?
7
What is the hundred thousands digit of 6795632?
7
What is the tens digit of 876975?
7
What is the units digit of 93022?
2
What is the ten millions digit of 17555168?
1
What is the millions digit of 27023779?
7
What is the units digit of 297077?
7
What is the units digit of 11621361?
1
What is the hundred thousands digit of 7324047?
3
What is the ten thousands digit of 91575?
9
What is the hundreds digit of 591650?
6
What is the units digit of 277774?
4
What is the ten thousands digit of 1117414?
1
What is the ten thousands digit of 27147698?
4
What is the hundreds digit of 395013?
0
What is the ten thousands digit of 951798?
5
What is the units digit of 6069?
9
What is the thousands digit of 1485848?
5
What is the tens digit of 671300?
0
What is the ten thousands digit of 291021?
9
What is the hundred thousands digit of 3211441?
2
What is the ten thousands digit of 86553?
8
What is the ten millions digit of 12126235?
1
What is the millions digit of 4374809?
4
What is the thousands digit of 1953027?
3
What is the tens digit of 64108?
0
What is the ten thousands digit of 12362412?
6
What is the thousands digit of 64760?
4
What is the units digit of 135757?
7
What is the units digit of 1662331?
1
What is the ten thousands digit of 78201?
7
What is the hundred thousands digit of 165075?
1
What is the thousands digit of 123617?
3
What is the hundreds digit of 2026249?
2
What is the units digit of 2307113?
3
What is the thousands digit of 3819128?
9
What is the units digit of 518365?
5
What is the ten thousands digit of 18123131?
2
What is the hundreds digit of 158679?
6
What is the hundred thousands digit of 11467541?
4
What is the hundreds digit of 326895?
8
What is the units digit of 16256578?
8
What is the hundreds digit of 214860?
8
What is the ten millions digit of 29866066?
2
What is the hundreds digit of 23649172?
1
What is the hundreds digit of 1199283?
2
What is the millions digit of 8231849?
8
What is the tens digit of 1997440?
4
What is the hundreds digit of 456517?
5
What is the thousands digit of 5812?
5
What is the units digit of 680161?
1
What is the hundreds digit of 26614972?
9
What is the ten thousands digit of 148560?
4
What is the ten thousands digit of 108885?
0
What is the thousands digit of 1265497?
5
What is the hundreds digit of 996436?
4
What is the hundred thousands digit of 667601?
6
What is the thousands digit of 257612?
7
What is the thousands digit of 4198977?
8
What is the millions digit of 3069259?
3
What is the hundred thousands digit of 11232724?
2
What is the thousands digit of 4842145?
2
What is the units digit of 300500?
0
What is the hundreds digit of 1072014?
0
What is the units digit of 567135?
5
What is the tens digit of 2431798?
9
What is the thousands digit of 349958?
9
What is the ten thousands digit of 8131482?
3
What is the thousands digit of 13267?
3
What is the units digit of 95985?
5
What is the units digit of 516742?
2
What is the hundred thousands digit of 642196?
6
What is the ten thousands digit of 1050424?
5
What is the tens digit of 46654?
5
What is the hundred thousands digit of 802477?
8
What is the tens digit of 5045081?
8
What is the hundreds digit of 23611?
6
What is the hundred thousands digit of 1314003?
3
What is the tens digit of 607528?
2
What is the hundred thousands digit of 4340006?
3
What is the hundreds digit of 29680?
6
What is the ten thousands digit of 1634146?
3
What is the units